{"id":1912,"date":"2019-05-29T18:18:34","date_gmt":"2019-05-29T18:18:34","guid":{"rendered":"http:\/\/poloniabrasil.org.br\/?page_id=1912"},"modified":"2019-05-29T18:18:34","modified_gmt":"2019-05-29T18:18:34","slug":"informacoes-sobre-cidadania-polonesa","status":"publish","type":"page","link":"https:\/\/poloniabrasil.org.br\/site\/informacoes-sobre-cidadania-polonesa\/","title":{"rendered":"INFORMA\u00c7\u00d5ES SOBRE CIDADANIA POLONESA"},"content":{"rendered":"<p><!--:pt-->A CASA DA CULTURA POL\u00d4NIA BRASIL n\u00e3o disp\u00f5e de assessoria para obten\u00e7\u00e3o de Cidadania Polonesa.<\/p>\n<p>Todas as informa\u00e7\u00f5es constam no Site do <strong>CONSULADO GERAL DA REP\u00daBLICA DA POL\u00d4NIA EM CURITIBA<\/strong>, na aba INFORMA\u00c7\u00d5ES CONSULARES.<\/p>\n<p><strong>ATEN\u00c7\u00c3O<\/strong>:<br \/>\nLeila atentamente todos os conte\u00fados relacionados a documentos, orienta\u00e7\u00f5es sobre a montagem do processo, tradu\u00e7\u00f5es, endere\u00e7os \u00fateis e perguntas frequentes.<br \/>\nTodo atendimento no Consulado necessita de agendamento pr\u00e9vio solicitado diretamente pelo e-mail: curitiba@msz.gov.pl.<\/p>\n<p>Acesse:<\/p>\n<p class=\"x_x_MsoNormal\"><span lang=\"PT-BR\">Site Geral:<\/span><\/p>\n<p class=\"x_x_MsoNormal\"><span lang=\"PT-BR\"><a href=\"https:\/\/www.gov.pl\/web\/brasil\/consulado-geral-da-repblica-da-polnia-em-curitiba\" target=\"_blank\" rel=\"noopener noreferrer\" data-auth=\"NotApplicable\">https:\/\/www.gov.pl\/web\/brasil\/consulado-geral-da-repblica-da-polnia-em-curitiba<\/a><\/span><\/p>\n<p class=\"x_x_MsoNormal\"><span lang=\"PT-BR\">\u00a0<\/span><\/p>\n<p class=\"x_x_MsoNormal\">Cidadania:<\/p>\n<p class=\"x_x_MsoNormal\"><a href=\"https:\/\/www.gov.pl\/web\/brasil\/cidadania\" target=\"_blank\" rel=\"noopener noreferrer\" data-auth=\"NotApplicable\">https:\/\/www.gov.pl\/web\/brasil\/cidadania<\/a><\/p>\n<p class=\"x_x_MsoNormal\">\n<p class=\"x_x_MsoNormal\"><span lang=\"PT-BR\">Carteira de Polon\u00eas \u2013 <i>Karta Polaka:<\/i><\/span><\/p>\n<p class=\"x_x_MsoNormal\"><a href=\"https:\/\/www.gov.pl\/web\/brasil\/karta-polaka\" target=\"_blank\" rel=\"noopener noreferrer\" data-auth=\"NotApplicable\"><span lang=\"PT-BR\">https:\/\/www.gov.pl\/web\/brasil\/karta-polaka<\/span><\/a><\/p>\n<p class=\"x_x_MsoNormal\"><span lang=\"PT-BR\">\u00a0<\/span><\/p>\n<p class=\"x_x_MsoNormal\"><span lang=\"PT-BR\">\u00a0<\/span><\/p>\n<p class=\"x_x_MsoNormal\">\n<p><!--:--><\/p>\n","protected":false},"excerpt":{"rendered":"<p>A CASA DA CULTURA POL\u00d4NIA BRASIL n\u00e3o disp\u00f5e de assessoria para obten\u00e7\u00e3o de Cidadania Polonesa. Todas as informa\u00e7\u00f5es constam no Site do CONSULADO GERAL DA REP\u00daBLICA DA POL\u00d4NIA EM CURITIBA, na aba INFORMA\u00c7\u00d5ES CONSULARES. ATEN\u00c7\u00c3O: Leila atentamente todos os conte\u00fados relacionados a documentos, orienta\u00e7\u00f5es sobre a montagem do processo, tradu\u00e7\u00f5es, endere\u00e7os \u00fateis e perguntas frequentes. [&hellip;]<\/p>\n","protected":false},"author":1,"featured_media":0,"parent":0,"menu_order":0,"comment_status":"closed","ping_status":"closed","template":"","meta":{"advgb_blocks_editor_width":"","advgb_blocks_columns_visual_guide":"","site-sidebar-layout":"default","site-content-layout":"","ast-site-content-layout":"","site-content-style":"default","site-sidebar-style":"default","ast-global-header-display":"","ast-banner-title-visibility":"","ast-main-header-display":"","ast-hfb-above-header-display":"","ast-hfb-below-header-display":"","ast-hfb-mobile-header-display":"","site-post-title":"","ast-breadcrumbs-content":"","ast-featured-img":"","footer-sml-layout":"","theme-transparent-header-meta":"","adv-header-id-meta":"","stick-header-meta":"","header-above-stick-meta":"","header-main-stick-meta":"","header-below-stick-meta":"","astra-migrate-meta-layouts":"default","ast-page-background-enabled":"default","ast-page-background-meta":{"desktop":{"background-color":"var(--ast-global-color-4)","background-image":"","background-repeat":"repeat","background-position":"center center","background-size":"auto","background-attachment":"scroll","background-type":"","background-media":"","overlay-type":"","overlay-color":"","overlay-opacity":"","overlay-gradient":""},"tablet":{"background-color":"","background-image":"","background-repeat":"repeat","background-position":"center center","background-size":"auto","background-attachment":"scroll","background-type":"","background-media":"","overlay-type":"","overlay-color":"","overlay-opacity":"","overlay-gradient":""},"mobile":{"background-color":"","background-image":"","background-repeat":"repeat","background-position":"center center","background-size":"auto","background-attachment":"scroll","background-type":"","background-media":"","overlay-type":"","overlay-color":"","overlay-opacity":"","overlay-gradient":""}},"ast-content-background-meta":{"desktop":{"background-color":"var(--ast-global-color-5)","background-image":"","background-repeat":"repeat","background-position":"center center","background-size":"auto","background-attachment":"scroll","background-type":"","background-media":"","overlay-type":"","overlay-color":"","overlay-opacity":"","overlay-gradient":""},"tablet":{"background-color":"var(--ast-global-color-5)","background-image":"","background-repeat":"repeat","background-position":"center center","background-size":"auto","background-attachment":"scroll","background-type":"","background-media":"","overlay-type":"","overlay-color":"","overlay-opacity":"","overlay-gradient":""},"mobile":{"background-color":"var(--ast-global-color-5)","background-image":"","background-repeat":"repeat","background-position":"center center","background-size":"auto","background-attachment":"scroll","background-type":"","background-media":"","overlay-type":"","overlay-color":"","overlay-opacity":"","overlay-gradient":""}},"footnotes":""},"class_list":["post-1912","page","type-page","status-publish","hentry"],"coauthors":[],"author_meta":{"author_link":"https:\/\/poloniabrasil.org.br\/site\/author\/adm_casa\/","display_name":"adm_casa"},"relative_dates":{"created":"Publicado 7 anos atr\u00e1s","modified":"Atualizado 7 anos atr\u00e1s"},"absolute_dates":{"created":"Publicado em 29 de maio de 2019","modified":"Atualizado em 29 de maio de 2019"},"absolute_dates_time":{"created":"Publicado em 29 de maio de 2019 18:18","modified":"Atualizado em 29 de maio de 2019 18:18"},"featured_img_caption":"","featured_img":false,"series_order":"","jetpack_sharing_enabled":true,"_links":{"self":[{"href":"https:\/\/poloniabrasil.org.br\/site\/wp-json\/wp\/v2\/pages\/1912","targetHints":{"allow":["GET"]}}],"collection":[{"href":"https:\/\/poloniabrasil.org.br\/site\/wp-json\/wp\/v2\/pages"}],"about":[{"href":"https:\/\/poloniabrasil.org.br\/site\/wp-json\/wp\/v2\/types\/page"}],"author":[{"embeddable":true,"href":"https:\/\/poloniabrasil.org.br\/site\/wp-json\/wp\/v2\/users\/1"}],"replies":[{"embeddable":true,"href":"https:\/\/poloniabrasil.org.br\/site\/wp-json\/wp\/v2\/comments?post=1912"}],"version-history":[{"count":0,"href":"https:\/\/poloniabrasil.org.br\/site\/wp-json\/wp\/v2\/pages\/1912\/revisions"}],"wp:attachment":[{"href":"https:\/\/poloniabrasil.org.br\/site\/wp-json\/wp\/v2\/media?parent=1912"}],"curies":[{"name":"wp","href":"https:\/\/api.w.org\/{rel}","templated":true}]}}